{"id":16,"date":"2018-01-04T18:18:59","date_gmt":"2018-01-04T18:18:59","guid":{"rendered":"http:\/\/www.maracena.es\/edusi\/?page_id=16"},"modified":"2021-04-14T09:49:00","modified_gmt":"2021-04-14T09:49:00","slug":"comunicacion","status":"publish","type":"page","link":"https:\/\/www.maracena.es\/edusi\/?page_id=16","title":{"rendered":"Nuestro EDUSI"},"content":{"rendered":"\n<p>El Plan de Implementaci\u00f3n de la Estrategia DUSI de Maracena qued\u00f3 dise\u00f1ado despu\u00e9s de un exhaustivo an\u00e1lisis de las condiciones f\u00edsicas, econ\u00f3micas, sociales y medioambientales de la ciudad y teniendo en cuenta anteriores ejercicios de an\u00e1lisis y planificaci\u00f3n, para detectar los problemas y retos a los que la EDUSI deb\u00eda responder.<\/p>\n\n\n\n<p>El Plan de Implementaci\u00f3n establece 11 L\u00edneas de Actuaci\u00f3n que responden a los cuatro Objetivos Tem\u00e1ticos establecidos por el Programa Operativo en el que se enmarca la Estrategia:<\/p>\n\n\n\n<ul class=\"wp-block-list\"><li>OBJETIVO TEM\u00c1TICO 2 (OT2) <em>Mejora del acceso, del uso y de la calidad de las tecnolog\u00edas de la informaci\u00f3n y la comunicaci\u00f3n<\/em><\/li><li>OBJETIVO TEM\u00c1TICO 4 (OT4) <em>Favorecer el paso a una econom\u00eda de bajo nivel de emisiones de carbono en todos los sectores<\/em><\/li><li>OBJETIVO TEM\u00c1TICO 6 (OT6) <em>Conservar y proteger el medioambiente y promover la eficiencia de los recursos<\/em><\/li><li>OBJETIVO TEM\u00c1TICO 9 (OT9) <em>Promover la inclusi\u00f3n social y luchar contra la pobreza y cualquier discriminaci\u00f3n<\/em><\/li><\/ul>\n\n\n\n<p>Estas 11 L\u00edneas de Actuaci\u00f3n contendr\u00e1n los distintos proyectos y actuaciones que har\u00e1n que la localidad de Maracena se convierta en una Localidad Abierta: <em>Inteligente<\/em>, que pone la innovaci\u00f3n tecnol\u00f3gica al servicio de la ciudadan\u00eda; <em>Sostenible<\/em> con un transporte respetuoso con el medioambiente y la potenciaci\u00f3n de las energ\u00edas renovables, e <em>Inclusiva<\/em> con mejores condiciones de vida para todos y todas, respetando el entorno natural.<\/p>\n\n\n\n<p>L\u00cdNEAS DE ACTUACI\u00d3N ESTRATEGIA DUSI MARACENA:<\/p>\n\n\n\n<ul class=\"wp-block-list\"><li>L.A.01 <a href=\"http:\/\/www.maracena.es\/edusi\/wp-content\/uploads\/2018\/09\/LA1.pdf\">Plataformas de gesti\u00f3n y Redes para la Administraci\u00f3n electr\u00f3nica<\/a><\/li><li>L.A.02 <a href=\"http:\/\/www.maracena.es\/edusi\/wp-content\/uploads\/2018\/09\/LA2.pdf\">E-Maracena, Inteligente, Transparente e Innovadora<\/a><\/li><li>L.A.03 <a href=\"http:\/\/www.maracena.es\/edusi\/wp-content\/uploads\/2018\/09\/LA3.pdf\">Fomento de la movilidad urbana sostenible<\/a><\/li><li>L.A.04 <a href=\"http:\/\/www.maracena.es\/edusi\/wp-content\/uploads\/2018\/09\/LA4.pdf\">Rehabilitaci\u00f3n energ\u00e9tica de edificios p\u00fablicos<\/a><\/li><li>L.A.05\u00ad <a href=\"http:\/\/www.maracena.es\/edusi\/wp-content\/uploads\/2018\/09\/LA5.pdf\">Plan de mejora energ\u00e9tica del alumbrado exterior municipal<\/a><\/li><li>L.A.06 <a href=\"http:\/\/www.maracena.es\/edusi\/wp-content\/uploads\/2018\/09\/LA6.pdf\">Inversiones en infraestructuras culturales<\/a><\/li><li>L.A.07 <a href=\"http:\/\/www.maracena.es\/edusi\/wp-content\/uploads\/2018\/09\/LA7.pdf\">Rehabilitaci\u00f3n integrada de suelos urbanos<\/a><\/li><li>L.A.08 <a href=\"http:\/\/www.maracena.es\/edusi\/wp-content\/uploads\/2018\/09\/LA8.pdf\">Regeneraci\u00f3n econ\u00f3mica mediante la rehabilitaci\u00f3n del tejido productivo y la creaci\u00f3n de empleo<\/a><\/li><li>L.A.09 <a href=\"http:\/\/www.maracena.es\/edusi\/wp-content\/uploads\/2018\/09\/LA9.pdf\">Revitalizaci\u00f3n del espacio p\u00fablico en comunidades urbanas desfavorecidas<\/a><\/li><li>L.A.10 <a href=\"http:\/\/www.maracena.es\/edusi\/wp-content\/uploads\/2018\/09\/LA10.pdf\">Maracena social, educadora y saludable<\/a><\/li><li>L.A.11 <a href=\"http:\/\/www.maracena.es\/edusi\/wp-content\/uploads\/2018\/09\/LA11.pdf\">Enfoque de g\u00e9nero en empresas y ciudadan\u00eda<\/a><\/li><\/ul>\n","protected":false},"excerpt":{"rendered":"<p>El Plan de Implementaci\u00f3n de la Estrategia DUSI de Maracena qued\u00f3 dise\u00f1ado despu\u00e9s de un exhaustivo an\u00e1lisis de las condiciones f\u00edsicas, econ\u00f3micas, sociales y medioambientales de la ciudad y teniendo en cuenta anteriores ejercicios de an\u00e1lisis y planificaci\u00f3n, para detectar los problemas y retos a los que la EDUSI deb\u00eda responder. El Plan de Implementaci\u00f3n [&hellip;]<\/p>\n","protected":false},"author":2,"featured_media":0,"parent":0,"menu_order":0,"comment_status":"closed","ping_status":"closed","template":"","meta":{"footnotes":""},"class_list":["post-16","page","type-page","status-publish","hentry"],"_links":{"self":[{"href":"https:\/\/www.maracena.es\/edusi\/index.php?rest_route=\/wp\/v2\/pages\/16","targetHints":{"allow":["GET"]}}],"collection":[{"href":"https:\/\/www.maracena.es\/edusi\/index.php?rest_route=\/wp\/v2\/pages"}],"about":[{"href":"https:\/\/www.maracena.es\/edusi\/index.php?rest_route=\/wp\/v2\/types\/page"}],"author":[{"embeddable":true,"href":"https:\/\/www.maracena.es\/edusi\/index.php?rest_route=\/wp\/v2\/users\/2"}],"replies":[{"embeddable":true,"href":"https:\/\/www.maracena.es\/edusi\/index.php?rest_route=%2Fwp%2Fv2%2Fcomments&post=16"}],"version-history":[{"count":15,"href":"https:\/\/www.maracena.es\/edusi\/index.php?rest_route=\/wp\/v2\/pages\/16\/revisions"}],"predecessor-version":[{"id":424,"href":"https:\/\/www.maracena.es\/edusi\/index.php?rest_route=\/wp\/v2\/pages\/16\/revisions\/424"}],"wp:attachment":[{"href":"https:\/\/www.maracena.es\/edusi\/index.php?rest_route=%2Fwp%2Fv2%2Fmedia&parent=16"}],"curies":[{"name":"wp","href":"https:\/\/api.w.org\/{rel}","templated":true}]}}

<p>El Plan de Implementación de la Estrategia DUSI de Maracena quedó diseñado después de un exhaustivo análisis de las condiciones físicas, económicas, sociales y medioambientales de la ciudad y teniendo en cuenta anteriores ejercicios de análisis y planificación, para detectar los problemas y retos a los que la EDUSI debía responder.</p>



<p>El Plan de Implementación establece 11 Líneas de Actuación que responden a los cuatro Objetivos Temáticos establecidos por el Programa Operativo en el que se enmarca la Estrategia:</p>



<ul class="wp-block-list"><li>OBJETIVO TEMÁTICO 2 (OT2) <em>Mejora del acceso, del uso y de la calidad de las tecnologías de la información y la comunicación</em></li><li>OBJETIVO TEMÁTICO 4 (OT4) <em>Favorecer el paso a una economía de bajo nivel de emisiones de carbono en todos los sectores</em></li><li>OBJETIVO TEMÁTICO 6 (OT6) <em>Conservar y proteger el medioambiente y promover la eficiencia de los recursos</em></li><li>OBJETIVO TEMÁTICO 9 (OT9) <em>Promover la inclusión social y luchar contra la pobreza y cualquier discriminación</em></li></ul>



<p>Estas 11 Líneas de Actuación contendrán los distintos proyectos y actuaciones que harán que la localidad de Maracena se convierta en una Localidad Abierta: <em>Inteligente</em>, que pone la innovación tecnológica al servicio de la ciudadanía; <em>Sostenible</em> con un transporte respetuoso con el medioambiente y la potenciación de las energías renovables, e <em>Inclusiva</em> con mejores condiciones de vida para todos y todas, respetando el entorno natural.</p>



<p>LÍNEAS DE ACTUACIÓN ESTRATEGIA DUSI MARACENA:</p>



<ul class="wp-block-list"><li>L.A.01 <a href="http://www.maracena.es/edusi/wp-content/uploads/2018/09/LA1.pdf">Plataformas de gestión y Redes para la Administración electrónica</a></li><li>L.A.02 <a href="http://www.maracena.es/edusi/wp-content/uploads/2018/09/LA2.pdf">E-Maracena, Inteligente, Transparente e Innovadora</a></li><li>L.A.03 <a href="http://www.maracena.es/edusi/wp-content/uploads/2018/09/LA3.pdf">Fomento de la movilidad urbana sostenible</a></li><li>L.A.04 <a href="http://www.maracena.es/edusi/wp-content/uploads/2018/09/LA4.pdf">Rehabilitación energética de edificios públicos</a></li><li>L.A.05­ <a href="http://www.maracena.es/edusi/wp-content/uploads/2018/09/LA5.pdf">Plan de mejora energética del alumbrado exterior municipal</a></li><li>L.A.06 <a href="http://www.maracena.es/edusi/wp-content/uploads/2018/09/LA6.pdf">Inversiones en infraestructuras culturales</a></li><li>L.A.07 <a href="http://www.maracena.es/edusi/wp-content/uploads/2018/09/LA7.pdf">Rehabilitación integrada de suelos urbanos</a></li><li>L.A.08 <a href="http://www.maracena.es/edusi/wp-content/uploads/2018/09/LA8.pdf">Regeneración económica mediante la rehabilitación del tejido productivo y la creación de empleo</a></li><li>L.A.09 <a href="http://www.maracena.es/edusi/wp-content/uploads/2018/09/LA9.pdf">Revitalización del espacio público en comunidades urbanas desfavorecidas</a></li><li>L.A.10 <a href="http://www.maracena.es/edusi/wp-content/uploads/2018/09/LA10.pdf">Maracena social, educadora y saludable</a></li><li>L.A.11 <a href="http://www.maracena.es/edusi/wp-content/uploads/2018/09/LA11.pdf">Enfoque de género en empresas y ciudadanía</a></li></ul>

<p>El Plan de Implementación de la Estrategia DUSI de Maracena quedó diseñado después de un exhaustivo análisis de las condiciones físicas, económicas, sociales y medioambientales de la ciudad y teniendo en cuenta anteriores ejercicios de análisis y planificación, para detectar los problemas y retos a los que la EDUSI debía responder. El Plan de Implementación [&hellip;]</p>
