{"id":260,"date":"2021-03-03T15:12:54","date_gmt":"2021-03-03T15:12:54","guid":{"rendered":"http:\/\/www.maracena.es\/edusi\/?page_id=260"},"modified":"2021-03-29T11:32:14","modified_gmt":"2021-03-29T11:32:14","slug":"programacion","status":"publish","type":"page","link":"https:\/\/www.maracena.es\/edusi\/?page_id=260","title":{"rendered":"Programaci\u00f3n"},"content":{"rendered":"\n<p>El 20 de diciembre de 2013 se publicaron en el diario oficial de la Uni\u00f3n Europea los nuevos Reglamentos de los Fondos Estructurales y de Inversi\u00f3n (FEI) que ser\u00e1n aplicables para el per\u00edodo 2014-2020 (todos excepto el Fondo Europeo Mar\u00edtimo y de Pesca).<\/p>\n\n\n\n<p>Los FEI aplicables en Espa\u00f1a para el per\u00edodo 2014-2020 ser\u00e1n cuatro:<\/p>\n\n\n\n<ol class=\"wp-block-list\"><li>Fondo Europeo de Desarrollo Regional (FEDER).<\/li><li>Fondo Social Europeo (FSE).<\/li><li>Fondo Europeo Agr\u00edcola de Desarrollo Rural (FEADER).<\/li><li>Fondo Europeo Mar\u00edtimo y de Pesca (FEMP).<\/li><\/ol>\n\n\n\n<p>El Fondo de Cohesi\u00f3n ya no se aplicar\u00e1 a Espa\u00f1a en 2014-2020.<br><br>Puede acceder al DOUE del 20 de diciembre de 2013&nbsp;<a href=\"https:\/\/eur-lex.europa.eu\/legal-content\/ES\/ALL\/?uri=OJ:L:2013:347:TOC\">pinchando aqu\u00ed<\/a>.<\/p>\n\n\n\n<p>En esta nueva etapa se busca garantizar que la inversi\u00f3n de la UE se centre en los objetivos europeos a largo plazo en materia de crecimiento y empleo (objetivos marcados por la Estrategia \u00abEuropa 2020\u00bb).<\/p>\n\n\n\n<p>Para desarrollar los trabajos de programaci\u00f3n de la Pol\u00edtica de Cohesi\u00f3n 2014-2020, la Direcci\u00f3n General de Fondos Europeos se ha centrado en la elaboraci\u00f3n de los siguientes documentos estrat\u00e9gicos:<\/p>\n\n\n\n<h2 class=\"wp-block-heading\">Acuerdo de Asociaci\u00f3n de Espa\u00f1a 2014-2020<\/h2>\n\n\n\n<ul class=\"wp-block-list\"><li><a href=\"https:\/\/www.dgfc.sepg.hacienda.gob.es\/sitios\/dgfc\/es-ES\/ipr\/fcp1420\/p\/pa\/Documents\/20190215_AA_Espa%c3%b1a_2014_2020_Vdef.pdf\">Acuerdo vigente<\/a><\/li><\/ul>\n\n\n\n<h2 class=\"wp-block-heading\">Programas Operativos<\/h2>\n\n\n\n<ul class=\"wp-block-list\"><li><strong>Programa Operativo Plurirregional de Espa\u00f1a 2014-2020 (POPE)<\/strong><\/li><\/ul>\n\n\n\n<p>La estrategia definida se ha sustentado en un <strong>an\u00e1lisis previo de la situaci\u00f3n actual de Espa\u00f1a y sus regiones,<\/strong> en particular de las disparidades existentes entre ellas, las oportunidades de crecimiento y debilidades de todas sus regiones y territorios y, en las diferentes \u00e1reas de inversi\u00f3n que identifican los reglamentos que son, 11 (denominadas objetivos tem\u00e1ticos):<\/p>\n\n\n\n<ol class=\"wp-block-list\"><li>Potenciar la investigaci\u00f3n, el desarrollo tecnol\u00f3gico y la innovaci\u00f3n.<\/li><li>Mejorar el uso y la calidad de las tecnolog\u00edas de la informaci\u00f3n y de las comunicaciones y el acceso a las mismas.<\/li><li>Mejorar la competitividad de las peque\u00f1as y medianas empresas, del sector agr\u00edcola (en el caso del FEADER) y del sector de la pesca y la acuicultura (en el caso del FEMP).<\/li><li>Favorecer el paso a una econom\u00eda baja en carbono en todos los sectores.<\/li><li>Promover la adaptaci\u00f3n al cambio clim\u00e1tico y la prevenci\u00f3n y gesti\u00f3n de riesgos.<\/li><li>Proteger el medio ambiente y promover la eficiencia de los recursos.<\/li><li>Promover el transporte sostenible y eliminar los estrangulamientos en las infraestructuras de red fundamentales.<\/li><li>Promover el empleo y favorecer la movilidad laboral.<\/li><li>Promover la inclusi\u00f3n social y luchar contra la pobreza.<\/li><li>Invertir en la educaci\u00f3n, el desarrollo de las capacidades y el aprendizaje permanente.<\/li><li>Mejorar la capacidad institucional y la eficiencia de la administraci\u00f3n p\u00fablica.<\/li><\/ol>\n\n\n\n<ul class=\"wp-block-list\"><li><strong>Programas Operativos Regionales<\/strong><\/li><li><strong>Programas Operativos de Cooperaci\u00f3n Territorial<\/strong><\/li><\/ul>\n\n\n\n<p>El Acuerdo de Asociaci\u00f3n es el documento nacional, de car\u00e1cter estrat\u00e9gico, elaborado por cada Estado miembro, que expone la estrategia y prioridades de inversi\u00f3n de los Fondos de la Pol\u00edtica de Cohesi\u00f3n (FEDER, FSE, FEADER y FEMP) para el per\u00edodo 2014-2020.<\/p>\n\n\n\n<p>La estrategia definida se ha sustentado en un an\u00e1lisis previo de la situaci\u00f3n actual de Espa\u00f1a y sus regiones, en particular de las disparidades existentes entre ellas, las oportunidades de crecimiento y debilidades de todas sus regiones y territorios y, en las diferentes \u00e1reas de inversi\u00f3n que identifican los reglamentos que son 11 (denominadas objetivos tem\u00e1ticos):<\/p>\n\n\n\n<ol class=\"wp-block-list\"><li>Potenciar la investigaci\u00f3n, el desarrollo tecnol\u00f3gico y la innovaci\u00f3n<\/li><li>Mejorar el uso y la calidad de las tecnolog\u00edas de la informaci\u00f3n y de las comunicaciones y el acceso a las mismas<\/li><li>Mejorar la competitividad de las peque\u00f1as y medianas empresas, del sector agr\u00edcola (en el caso del FEADER) y del sector de la pesca y la acuicultura (en el caso del FEMP)<\/li><li>Favorecer el paso a una econom\u00eda baja en carbono en todos los sectores<\/li><li>Promover la adaptaci\u00f3n al cambio clim\u00e1tico y la prevenci\u00f3n y gesti\u00f3n de riesgos<\/li><li>Proteger el medio ambiente y promover la eficiencia de los recursos<\/li><li>Promover el transporte sostenible y eliminar los estrangulamientos en las infraestructuras de red fundamentales<\/li><li>Promover el empleo y favorecer la movilidad laboral<\/li><li>Promover la inclusi\u00f3n social y luchar contra la pobreza<\/li><li>Invertir en la educaci\u00f3n, el desarrollo de las capacidades y el aprendizaje permanente<\/li><li>Mejorar la capacidad institucional y la eficiencia de la administraci\u00f3n p\u00fablica.<\/li><\/ol>\n\n\n\n<p>Los trabajos de programaci\u00f3n se han llevado a cabo respetando el principio de partenariado y gobernanza multinivel, esto es, con la involucraci\u00f3n de autoridades p\u00fablicas de los diferentes niveles de la Administraci\u00f3n espa\u00f1ola, agentes econ\u00f3micos y sociales y representantes de la sociedad civil, incluyendo agentes medioambientales, ONGs, organismos de igualdad y no discriminaci\u00f3n.<\/p>\n","protected":false},"excerpt":{"rendered":"<p>El 20 de diciembre de 2013 se publicaron en el diario oficial de la Uni\u00f3n Europea los nuevos Reglamentos de los Fondos Estructurales y de Inversi\u00f3n (FEI) que ser\u00e1n aplicables para el per\u00edodo 2014-2020 (todos excepto el Fondo Europeo Mar\u00edtimo y de Pesca). Los FEI aplicables en Espa\u00f1a para el per\u00edodo 2014-2020 ser\u00e1n cuatro: Fondo [&hellip;]<\/p>\n","protected":false},"author":1,"featured_media":0,"parent":0,"menu_order":0,"comment_status":"closed","ping_status":"closed","template":"","meta":{"footnotes":""},"class_list":["post-260","page","type-page","status-publish","hentry"],"_links":{"self":[{"href":"https:\/\/www.maracena.es\/edusi\/index.php?rest_route=\/wp\/v2\/pages\/260","targetHints":{"allow":["GET"]}}],"collection":[{"href":"https:\/\/www.maracena.es\/edusi\/index.php?rest_route=\/wp\/v2\/pages"}],"about":[{"href":"https:\/\/www.maracena.es\/edusi\/index.php?rest_route=\/wp\/v2\/types\/page"}],"author":[{"embeddable":true,"href":"https:\/\/www.maracena.es\/edusi\/index.php?rest_route=\/wp\/v2\/users\/1"}],"replies":[{"embeddable":true,"href":"https:\/\/www.maracena.es\/edusi\/index.php?rest_route=%2Fwp%2Fv2%2Fcomments&post=260"}],"version-history":[{"count":4,"href":"https:\/\/www.maracena.es\/edusi\/index.php?rest_route=\/wp\/v2\/pages\/260\/revisions"}],"predecessor-version":[{"id":382,"href":"https:\/\/www.maracena.es\/edusi\/index.php?rest_route=\/wp\/v2\/pages\/260\/revisions\/382"}],"wp:attachment":[{"href":"https:\/\/www.maracena.es\/edusi\/index.php?rest_route=%2Fwp%2Fv2%2Fmedia&parent=260"}],"curies":[{"name":"wp","href":"https:\/\/api.w.org\/{rel}","templated":true}]}}