{"id":263,"date":"2021-03-02T16:23:36","date_gmt":"2021-03-02T16:23:36","guid":{"rendered":"http:\/\/www.maracena.es\/edusi\/?page_id=263"},"modified":"2021-03-08T14:43:10","modified_gmt":"2021-03-08T14:43:10","slug":"evaluacion","status":"publish","type":"page","link":"https:\/\/www.maracena.es\/edusi\/?page_id=263","title":{"rendered":"Evaluaci\u00f3n"},"content":{"rendered":"\n<p>Indicadores por Objetivo Tem\u00e1tico<\/p>\n\n\n\n<p>Durante el transcurso del proyecto se verificar\u00e1n los resultados a trav\u00e9s de indicadores preestablecidos por cada objetivo tem\u00e1tico (2, 4, 6 y 9), disponibles en la <strong>siguiente tabla (aqu\u00ed falta enlace)<\/strong><\/p>\n\n\n\n<ul class=\"wp-block-list\"><li><a href=\"http:\/\/www.rediniciativasurbanas.es\/recursos_riu\/catalogoindicadoresproductividad_20142020_0.pdf\">Cat\u00e1logo de indicadores de productividad FEDER 2014-2020<\/a><\/li><\/ul>\n\n\n\n<ul class=\"wp-block-list\"><li><a href=\"http:\/\/www.rediniciativasurbanas.es\/recursos_riu\/catalogoindicadoresderesultadofeder20142021.pdf\">Cat\u00e1logo de indicadores de resultado FEDER 2014-2020<\/a><\/li><\/ul>\n\n\n\n<ul class=\"wp-block-list\"><li><a href=\"http:\/\/www.maracena.es\/edusi\/wp-content\/uploads\/2021\/03\/105213852_6112019143250.pdf\">Indicadores DUSI Programa Operativo Plurirregional de Espa\u00f1a 2014-2020.<\/a><\/li><li><a href=\"http:\/\/www.maracena.es\/edusi\/wp-content\/uploads\/2021\/03\/1251941510_6112019143325.pdf\">Plan de Evaluaci\u00f3n Espec\u00edfico del Programa Operativo FEDER Plurirregional de Espa\u00f1a 2014-2020<\/a><\/li><\/ul>\n\n\n\n<p><\/p>\n","protected":false},"excerpt":{"rendered":"<p>Indicadores por Objetivo Tem\u00e1tico Durante el transcurso del proyecto se verificar\u00e1n los resultados a trav\u00e9s de indicadores preestablecidos por cada objetivo tem\u00e1tico (2, 4, 6 y 9), disponibles en la siguiente tabla (aqu\u00ed falta enlace) Cat\u00e1logo de indicadores de productividad FEDER 2014-2020 Cat\u00e1logo de indicadores de resultado FEDER 2014-2020 Indicadores DUSI Programa Operativo Plurirregional de [&hellip;]<\/p>\n","protected":false},"author":1,"featured_media":0,"parent":0,"menu_order":0,"comment_status":"closed","ping_status":"closed","template":"","meta":{"footnotes":""},"class_list":["post-263","page","type-page","status-publish","hentry"],"_links":{"self":[{"href":"https:\/\/www.maracena.es\/edusi\/index.php?rest_route=\/wp\/v2\/pages\/263","targetHints":{"allow":["GET"]}}],"collection":[{"href":"https:\/\/www.maracena.es\/edusi\/index.php?rest_route=\/wp\/v2\/pages"}],"about":[{"href":"https:\/\/www.maracena.es\/edusi\/index.php?rest_route=\/wp\/v2\/types\/page"}],"author":[{"embeddable":true,"href":"https:\/\/www.maracena.es\/edusi\/index.php?rest_route=\/wp\/v2\/users\/1"}],"replies":[{"embeddable":true,"href":"https:\/\/www.maracena.es\/edusi\/index.php?rest_route=%2Fwp%2Fv2%2Fcomments&post=263"}],"version-history":[{"count":4,"href":"https:\/\/www.maracena.es\/edusi\/index.php?rest_route=\/wp\/v2\/pages\/263\/revisions"}],"predecessor-version":[{"id":344,"href":"https:\/\/www.maracena.es\/edusi\/index.php?rest_route=\/wp\/v2\/pages\/263\/revisions\/344"}],"wp:attachment":[{"href":"https:\/\/www.maracena.es\/edusi\/index.php?rest_route=%2Fwp%2Fv2%2Fmedia&parent=263"}],"curies":[{"name":"wp","href":"https:\/\/api.w.org\/{rel}","templated":true}]}}