{"id":307,"date":"2021-03-03T15:30:04","date_gmt":"2021-03-03T15:30:04","guid":{"rendered":"http:\/\/www.maracena.es\/edusi\/?page_id=307"},"modified":"2021-10-18T11:25:01","modified_gmt":"2021-10-18T11:25:01","slug":"objetivos-2","status":"publish","type":"page","link":"https:\/\/www.maracena.es\/edusi\/?page_id=307","title":{"rendered":"Objetivos"},"content":{"rendered":"\n<h1 class=\"wp-block-heading\"><strong>Objetivos EDUSI MARACENA SOSTENIBLE II<\/strong><\/h1>\n\n\n\n<p>La Estrategia DUSI MARACENA SOSTENIBLE II se enmarca en el Programa Operativo Plurirregional de Espa\u00f1a 2014-2020, cuyo Eje 12 de Desarrollo Urbano ha priorizado entre todos cuatro Objetivos Tem\u00e1ticos (OT), que se<br>concretan a su vez en los siguientes objetivos espec\u00edficos (OE), que las actuaciones dise\u00f1adas en la Estrategia y cofinanciadas por el Fondo FEDER deben cumplir:<\/p>\n\n\n\n<ul class=\"wp-block-list\"><li>OT 2: Mejorar el uso y la calidad de las TIC y el acceso a las mismas. <ul><li>OE.2.3.3 Promover las TIC en Estrategias de desarrollo urbano integrado a trav\u00e9s de actuaciones en Administraci\u00f3n electr\u00f3nica local y Smart Cities.<\/li><\/ul><\/li><li>OT 4: Favorecer la transici\u00f3n a una econom\u00eda baja en carbono en todos los sectores.<ul><li>OE.4.5.1 Fomento de la movilidad urbana sostenible: transporte urbano limpio, transporte colectivo, conexi\u00f3n urbana-rural, mejoras en la red viaria, transporte ciclista, peatonal, movilidad el\u00e9ctrica y desarrollo de sistemas de suministro de energ\u00edas limpias.<\/li><li>OE 4.5.3 Mejora de la eficiencia energ\u00e9tica y aumento de energ\u00eda renovable en las \u00e1reas urbanas.<\/li><\/ul><\/li><li>OT 6: Conservar y proteger el medio ambiente y promover la eficiencia de los recursos.<\/li><\/ul>\n","protected":false},"excerpt":{"rendered":"<p>Objetivos EDUSI MARACENA SOSTENIBLE II La Estrategia DUSI MARACENA SOSTENIBLE II se enmarca en el Programa Operativo Plurirregional de Espa\u00f1a 2014-2020, cuyo Eje 12 de Desarrollo Urbano ha priorizado entre todos cuatro Objetivos Tem\u00e1ticos (OT), que seconcretan a su vez en los siguientes objetivos espec\u00edficos (OE), que las actuaciones dise\u00f1adas en la Estrategia y cofinanciadas [&hellip;]<\/p>\n","protected":false},"author":1,"featured_media":0,"parent":0,"menu_order":0,"comment_status":"closed","ping_status":"closed","template":"","meta":{"footnotes":""},"class_list":["post-307","page","type-page","status-publish","hentry"],"_links":{"self":[{"href":"https:\/\/www.maracena.es\/edusi\/index.php?rest_route=\/wp\/v2\/pages\/307","targetHints":{"allow":["GET"]}}],"collection":[{"href":"https:\/\/www.maracena.es\/edusi\/index.php?rest_route=\/wp\/v2\/pages"}],"about":[{"href":"https:\/\/www.maracena.es\/edusi\/index.php?rest_route=\/wp\/v2\/types\/page"}],"author":[{"embeddable":true,"href":"https:\/\/www.maracena.es\/edusi\/index.php?rest_route=\/wp\/v2\/users\/1"}],"replies":[{"embeddable":true,"href":"https:\/\/www.maracena.es\/edusi\/index.php?rest_route=%2Fwp%2Fv2%2Fcomments&post=307"}],"version-history":[{"count":3,"href":"https:\/\/www.maracena.es\/edusi\/index.php?rest_route=\/wp\/v2\/pages\/307\/revisions"}],"predecessor-version":[{"id":609,"href":"https:\/\/www.maracena.es\/edusi\/index.php?rest_route=\/wp\/v2\/pages\/307\/revisions\/609"}],"wp:attachment":[{"href":"https:\/\/www.maracena.es\/edusi\/index.php?rest_route=%2Fwp%2Fv2%2Fmedia&parent=307"}],"curies":[{"name":"wp","href":"https:\/\/api.w.org\/{rel}","templated":true}]}}