{"id":312,"date":"2021-03-04T15:16:23","date_gmt":"2021-03-04T15:16:23","guid":{"rendered":"http:\/\/www.maracena.es\/edusi\/?page_id=312"},"modified":"2021-03-08T14:35:39","modified_gmt":"2021-03-08T14:35:39","slug":"buenas-practicas","status":"publish","type":"page","link":"https:\/\/www.maracena.es\/edusi\/?page_id=312","title":{"rendered":"Buenas pr\u00e1cticas"},"content":{"rendered":"\n<p>Los distintos proyectos EDUSI buscan compartir conocimiento entre los actores implicados en la lucha por la mejora de los barrios y las ciudades. En este sentido, se detectan, analizan y ponen a disposici\u00f3n de la ciudadan\u00eda y de otras administraciones los casos de buenas pr\u00e1cticas que se pongan en marcha en el transcurso de la EDUSI.<\/p>\n\n\n\n<p>Los criterios para la identificaci\u00f3n y selecci\u00f3n de Buenas Pr\u00e1cticas de actuaciones cofinanciadas son los siguientes:<\/p>\n\n\n\n<ul class=\"wp-block-list\"><li>La actuaci\u00f3n ha sido convenientemente difundida entre los beneficiarios\/as, beneficiarios\/as potenciales y el p\u00fablico en general. Se deber\u00e1 presentar todo lo realizado para la comunicaci\u00f3n de la citada actuaci\u00f3n.<\/li><li>La actuaci\u00f3n incorpora elementos innovadores. Habr\u00e1 que destacar el car\u00e1cter innovador de la actuaci\u00f3n, que puede estar vinculado a las metodolog\u00edas, tecnolog\u00edas o procesos, a los servicios facilitados y las distintas herramientas empleadas para ponerla en marcha. Tambi\u00e9n se considerar\u00e1 la innovaci\u00f3n respecto al territorio o \u00e1mbito de ejecuci\u00f3n y al p\u00fablico objetivo.<\/li><li>Adecuaci\u00f3n de los resultados obtenidos a los objetivos establecidos. Se han de destacar los principales objetivos, haciendo ver el valor a\u00f1adido que supone el haber recibido Fondos Europeos, indicando si todos ellos se est\u00e1n cumpliendo y haciendo hincapi\u00e9 en qu\u00e9 tipo de actividades y resultados se pueden atribuir al proyecto: Impacto en t\u00e9rminos f\u00edsicos, cuantitativos, cualitativos.<\/li><li>Contribuci\u00f3n a la resoluci\u00f3n de un problema o debilidad detectada en el \u00e1mbito territorial de ejecuci\u00f3n. Es preciso describir a qu\u00e9 problem\u00e1tica responde el proyecto presentado y c\u00f3mo su puesta en marcha favorece el desarrollo del territorio y\/o del p\u00fablico objetivo.<\/li><li>Alto grado de cobertura sobre la poblaci\u00f3n a la que va dirigida. Debe mencionarse el alcance, no solo sobre los beneficiarios\/as sino tambi\u00e9n sobre la poblaci\u00f3n en general.<\/li><li>Consideraci\u00f3n de los criterios horizontales de igualdad de oportunidades y no discriminaci\u00f3n, as\u00ed como responsabilidad social y sostenibilidad ambiental. Se debe indicar c\u00f3mo se han aplicado estos criterios en la actuaci\u00f3n correspondiente.<\/li><li>Sinergias con otras pol\u00edticas o instrumentos de intervenci\u00f3n p\u00fablica. Se tendr\u00e1 en cuenta si la acci\u00f3n ha reforzado la actuaci\u00f3n de otros Fondos (regionales, nacionales, Europeos) y ha contribuido a potenciar los aspectos positivos de los mismos.<\/li><\/ul>\n\n\n\n<p>Se plantean diferentes acciones comunicativas para la difusi\u00f3n de cada una de las Buenas Pr\u00e1cticas seleccionadas:<\/p>\n\n\n\n<figure class=\"wp-block-image size-large\"><img fetchpriority=\"high\" decoding=\"async\" width=\"1024\" height=\"682\" src=\"https:\/\/www.maracena.es\/edusi\/wp-content\/uploads\/2021\/03\/diagrama_buena-practica_castellano-1024x682.png\" alt=\"\" class=\"wp-image-338\" srcset=\"https:\/\/www.maracena.es\/edusi\/wp-content\/uploads\/2021\/03\/diagrama_buena-practica_castellano-1024x682.png 1024w, https:\/\/www.maracena.es\/edusi\/wp-content\/uploads\/2021\/03\/diagrama_buena-practica_castellano-300x200.png 300w, https:\/\/www.maracena.es\/edusi\/wp-content\/uploads\/2021\/03\/diagrama_buena-practica_castellano-768x511.png 768w, https:\/\/www.maracena.es\/edusi\/wp-content\/uploads\/2021\/03\/diagrama_buena-practica_castellano.png 1200w\" sizes=\"(max-width: 1024px) 100vw, 1024px\" \/><\/figure>\n","protected":false},"excerpt":{"rendered":"<p>Los distintos proyectos EDUSI buscan compartir conocimiento entre los actores implicados en la lucha por la mejora de los barrios y las ciudades. En este sentido, se detectan, analizan y ponen a disposici\u00f3n de la ciudadan\u00eda y de otras administraciones los casos de buenas pr\u00e1cticas que se pongan en marcha en el transcurso de la [&hellip;]<\/p>\n","protected":false},"author":1,"featured_media":0,"parent":0,"menu_order":0,"comment_status":"closed","ping_status":"closed","template":"","meta":{"footnotes":""},"class_list":["post-312","page","type-page","status-publish","hentry"],"_links":{"self":[{"href":"https:\/\/www.maracena.es\/edusi\/index.php?rest_route=\/wp\/v2\/pages\/312","targetHints":{"allow":["GET"]}}],"collection":[{"href":"https:\/\/www.maracena.es\/edusi\/index.php?rest_route=\/wp\/v2\/pages"}],"about":[{"href":"https:\/\/www.maracena.es\/edusi\/index.php?rest_route=\/wp\/v2\/types\/page"}],"author":[{"embeddable":true,"href":"https:\/\/www.maracena.es\/edusi\/index.php?rest_route=\/wp\/v2\/users\/1"}],"replies":[{"embeddable":true,"href":"https:\/\/www.maracena.es\/edusi\/index.php?rest_route=%2Fwp%2Fv2%2Fcomments&post=312"}],"version-history":[{"count":2,"href":"https:\/\/www.maracena.es\/edusi\/index.php?rest_route=\/wp\/v2\/pages\/312\/revisions"}],"predecessor-version":[{"id":340,"href":"https:\/\/www.maracena.es\/edusi\/index.php?rest_route=\/wp\/v2\/pages\/312\/revisions\/340"}],"wp:attachment":[{"href":"https:\/\/www.maracena.es\/edusi\/index.php?rest_route=%2Fwp%2Fv2%2Fmedia&parent=312"}],"curies":[{"name":"wp","href":"https:\/\/api.w.org\/{rel}","templated":true}]}}