{"id":397,"date":"2021-04-07T13:27:38","date_gmt":"2021-04-07T13:27:38","guid":{"rendered":"https:\/\/www.maracena.es\/edusi\/?page_id=397"},"modified":"2021-05-25T13:13:56","modified_gmt":"2021-05-25T13:13:56","slug":"objetivo-tematico-2-ot2","status":"publish","type":"page","link":"https:\/\/www.maracena.es\/edusi\/?page_id=397","title":{"rendered":"Objetivo tem\u00e1tico 2 (OT2)"},"content":{"rendered":"\n<figure class=\"wp-block-image size-large\"><img fetchpriority=\"high\" decoding=\"async\" width=\"1024\" height=\"344\" src=\"https:\/\/www.maracena.es\/edusi\/wp-content\/uploads\/2021\/04\/OT2-1-1024x344.jpg\" alt=\"\" class=\"wp-image-436\" srcset=\"https:\/\/www.maracena.es\/edusi\/wp-content\/uploads\/2021\/04\/OT2-1-1024x344.jpg 1024w, https:\/\/www.maracena.es\/edusi\/wp-content\/uploads\/2021\/04\/OT2-1-300x101.jpg 300w, https:\/\/www.maracena.es\/edusi\/wp-content\/uploads\/2021\/04\/OT2-1-768x258.jpg 768w, https:\/\/www.maracena.es\/edusi\/wp-content\/uploads\/2021\/04\/OT2-1.jpg 1100w\" sizes=\"(max-width: 1024px) 100vw, 1024px\" \/><\/figure>\n\n\n\n<ul class=\"wp-block-list\"><li><a href=\"http:\/\/www.maracena.es\/edusi\/wp-content\/uploads\/2018\/09\/LA1.pdf\">L\u00ednea 1: Plataformas de gesti\u00f3n y Redes para la Administraci\u00f3n electr\u00f3nica. (pdf)<\/a><ul><li><a href=\"http:\/\/www.maracena.es\/edusi\/wp-content\/uploads\/2021\/05\/1.-20201001_Otros_1.-SF-PLATAFORMAS-DE-GESTION-Y-REDES-PARA-LA-ADMON-ELECTRONICA.pdf\">Solicitud de financiaci\u00f3n<\/a><\/li><li><a href=\"http:\/\/www.maracena.es\/edusi\/wp-content\/uploads\/2021\/05\/5.-20201021_Otros_DECA_Maracena_ADM-ELECTRONICA.pdf\">DECA<\/a><\/li><\/ul><\/li><li><a href=\"http:\/\/www.maracena.es\/edusi\/wp-content\/uploads\/2018\/09\/LA2.pdf\">L\u00ednea 2: E-Maracena, Inteligente, Transparente e Innovadora. (pdf)<\/a><ul><li><a href=\"http:\/\/www.maracena.es\/edusi\/wp-content\/uploads\/2021\/05\/20210202_SF_FCL02AN3013-EMARACENA-firmada.pdf\">Solicitud de financiaci\u00f3n<\/a><\/li><li><a href=\"http:\/\/www.maracena.es\/edusi\/wp-content\/uploads\/2021\/05\/20210216_Otros_DECA_Maracena_TRANSP-E-INNOV.pdf\">DECA<\/a><\/li><\/ul><\/li><\/ul>\n","protected":false},"excerpt":{"rendered":"<p>L\u00ednea 1: Plataformas de gesti\u00f3n y Redes para la Administraci\u00f3n electr\u00f3nica. (pdf) Solicitud de financiaci\u00f3n DECA L\u00ednea 2: E-Maracena, Inteligente, Transparente e Innovadora. (pdf) Solicitud de financiaci\u00f3n DECA<\/p>\n","protected":false},"author":1,"featured_media":0,"parent":0,"menu_order":0,"comment_status":"closed","ping_status":"closed","template":"","meta":{"footnotes":""},"class_list":["post-397","page","type-page","status-publish","hentry"],"_links":{"self":[{"href":"https:\/\/www.maracena.es\/edusi\/index.php?rest_route=\/wp\/v2\/pages\/397","targetHints":{"allow":["GET"]}}],"collection":[{"href":"https:\/\/www.maracena.es\/edusi\/index.php?rest_route=\/wp\/v2\/pages"}],"about":[{"href":"https:\/\/www.maracena.es\/edusi\/index.php?rest_route=\/wp\/v2\/types\/page"}],"author":[{"embeddable":true,"href":"https:\/\/www.maracena.es\/edusi\/index.php?rest_route=\/wp\/v2\/users\/1"}],"replies":[{"embeddable":true,"href":"https:\/\/www.maracena.es\/edusi\/index.php?rest_route=%2Fwp%2Fv2%2Fcomments&post=397"}],"version-history":[{"count":5,"href":"https:\/\/www.maracena.es\/edusi\/index.php?rest_route=\/wp\/v2\/pages\/397\/revisions"}],"predecessor-version":[{"id":465,"href":"https:\/\/www.maracena.es\/edusi\/index.php?rest_route=\/wp\/v2\/pages\/397\/revisions\/465"}],"wp:attachment":[{"href":"https:\/\/www.maracena.es\/edusi\/index.php?rest_route=%2Fwp%2Fv2%2Fmedia&parent=397"}],"curies":[{"name":"wp","href":"https:\/\/api.w.org\/{rel}","templated":true}]}}